 when 103447 is divided by 15?
7
Calculate the remainder when 255715 is divided by 123.
121
What is the remainder when 11342 is divided by 25?
17
Calculate the remainder when 4053 is divided by 83.
69
What is the remainder when 72139 is divided by 18?
13
What is the remainder when 3230 is divided by 24?
14
Calculate the remainder when 10710 is divided by 175.
35
What is the remainder when 676448 is divided by 2442?
14
Calculate the remainder when 16197 is divided by 219.
210
Calculate the remainder when 2283 is divided by 1021.
241
What is the remainder when 1701979 is divided by 29?
27
What is the remainder when 48274 is divided by 202?
198
What is the remainder when 6526 is divided by 28?
2
Calculate the remainder when 11274 is divided by 626.
6
What is the remainder when 318 is divided by 112?
94
Calculate the remainder when 6637 is divided by 188.
57
What is the remainder when 6138 is divided by 55?
33
Calculate the remainder when 32422 is divided by 25.
22
What is the remainder when 2661575 is divided by 24?
23
What is the remainder when 12655 is divided by 14?
13
What is the remainder when 2595 is divided by 74?
5
What is the remainder when 4585318 is divided by 18?
16
What is the remainder when 83018 is divided by 1138?
1082
What is the remainder when 74982 is divided by 13?
11
Calculate the remainder when 12279 is divided by 12.
3
What is the remainder when 1857 is divided by 64?
1
Calculate the remainder when 114607 is divided by 152.
151
What is the remainder when 10503 is divided by 17?
14
Calculate the remainder when 22063 is divided by 64.
47
What is the remainder when 40596 is divided by 123?
6
Calculate the remainder when 179759 is divided by 52.
47
Calculate the remainder when 5786 is divided by 1544.
1154
What is the remainder when 393468 is divided by 55?
53
What is the remainder when 415931 is divided by 45?
41
Calculate the remainder when 836128 is divided by 47.
45
Calculate the remainder when 25752 is divided by 12696.
360
What is the remainder when 673829 is divided by 224593?
50
What is the remainder when 10995 is divided by 549?
15
Calculate the remainder when 74147 is divided by 3528.
59
Calculate the remainder when 25130 is divided by 75.
5
Calculate the remainder when 3323680 is divided by 664734.
10
Calculate the remainder when 349749 is divided by 177.
174
Calculate the remainder when 36907 is divided by 36779.
128
Calculate the remainder when 48614 is divided by 9719.
19
Calculate the remainder when 53359 is divided by 68.
47
Calculate the remainder when 221426 is divided by 38.
0
What is the remainder when 13779 is divided by 77?
73
Calculate the remainder when 269199 is divided by 1346.
1345
Calculate the remainder when 209809 is divided by 721.
719
Calculate the remainder when 1546 is divided by 189.
34
What is the remainder when 20177 is divided by 2016?
17
Calculate the remainder when 145631 is divided by 72814.
3
What is the remainder when 14338 is divided by 685?
638
What is the remainder when 1874 is divided by 268?
266
What is the remainder when 1767 is divided by 64?
39
Calculate the remainder when 51212 is divided by 244.
216
What is the remainder when 76653 is divided by 695?
203
What is the remainder when 1521 is divided by 1129?
392
What is the remainder when 49275 is divided by 9717?
690
Calculate the remainder when 72804 is divided by 472.
116
What is the remainder when 33289 is divided by 243?
241
Calculate the remainder when 56534 is divided by 56523.
11
What is the remainder when 6248 is divided by 227?
119
What is the remainder when 2421 is divided by 598?
29
What is the remainder when 40887 is divided by 61?
17
What is the remainder when 3575 is divided by 280?
215
Calculate the remainder when 22764 is divided by 915.
804
What is the remainder when 5883 is divided by 2894?
95
What is the remainder when 10951 is divided by 2037?
766
What is the remainder when 3536 is divided by 806?
312
What is the remainder when 15584 is divided by 371?
2
What is the remainder when 397261 is divided by 19863?
1
What is the remainder when 12484 is divided by 346?
28
What is the remainder when 12011 is divided by 39?
38
Calculate the remainder when 290836 is divided by 4215.
1
Calculate the remainder when 26259 is divided by 196.
191
What is the remainder when 17409 is divided by 35?
14
Calculate the remainder when 7140147 is divided by 225.
222
Calculate the remainder when 126478 is divided by 18.
10
Calculate the remainder when 261853 is divided by 224.
221
What is the remainder when 1641 is divided by 66?
57
Calculate the remainder when 23517 is divided by 42.
39
Calculate the remainder when 48599 is divided by 51.
47
What is the remainder when 4835 is divided by 2412?
11
What is the remainder when 42318 is divided by 1583?
1160
What is the remainder when 673775 is divided by 19?
16
Calculate the remainder when 59893 is divided by 11973.
28
Calculate the remainder when 272087 is divided by 54414.
17
What is the remainder when 221 is divided by 103?
15
Calculate the remainder when 9795 is divided by 90.
75
What is the remainder when 40375 is divided by 13457?
4
Calculate the remainder when 140908 is divided by 385.
383
What is the remainder when 175249 is divided by 28?
25
What is the remainder when 82686 is divided by 64?
62
What is the remainder when 27279 is divided by 1049?
5
Calculate the remainder when 1821 is divided by 800.
221
What is the remainder when 27670 is divided by 3065?
85
What is the remainder when 11612 is divided by 557?
472
Calculate the remainder when 67050 is divided by 217.
214
What is the remainder when 7811 is divided by 13?
11
Calculate the remainder when 866 is divided by 149.
121
What is the remainder when 2988 is divided by 742?
20
What is the remainder when 14388 is divided by 1110?
1068
Calculate the remainder when 4077 is divided by 2006.
65
Calculate the remainder when 4821 is divided by 93.
78
Calculate the remainder when 9500 is divided by 132.
128
What is the remainder when 5939 is divided by 112?
3
What is the remainder when 32112 is divided by 1459?
14
What is the remainder when 13624 is divided by 315?
79
What is the remainder when 22852 is divided by 572?
544
What is the remainder when 93693 is divided by 14?
5
Calculate the remainder when 743273 is divided by 714.
713
Calculate the remainder when 40586 is divided by 106.
94
Calculate the remainder when 33546 is divided by 8383.
14
What is the remainder when 539513 is divided by 41?
35
Calculate the remainder when 1996 is divided by 288.
268
Calculate the remainder when 67961 is divided by 723.
722
Calculate the remainder when 19115 is divided by 3803.
100
Calculate the remainder when 722289 is divided by 71.
6
What is the remainder when 7093 is divided by 6?
1
Calculate the remainder when 263227 is divided by 174.
139
What is the remainder when 27837 is divided by 459?
297
What is the remainder when 74311 is divided by 74311?
0
Calculate the remainder when 2434 is divided by 37.
29
What is the remainder when 58384 is divided by 125?
9
What is the remainder when 390615 is divided by 2024?
2007
Calculate the remainder when 894 is divided by 431.
32
Calculate the remainder when 130445 is divided by 5.
0
Calculate the remainder when 166710 is divided by 23815.
5
What is the remainder when 19489 is divided by 67?
59
Calculate the remainder when 28697 is divided by 62.
53
What is the remainder when 160251 is divided by 53406?
33
Calculate the remainder when 153992 is divided by 72.
56
Calculate the remainder when 4013 is divided by 287.
282
What is the remainder when 33158 is divided by 454?
16
What is the remainder when 39242 is divided by 49?
42
What is the remainder when 1633996 is divided by 6?
4
What is the remainder when 5395 is divided by 4783?
612
What is the remainder when 5333 is divided by 1739?
116
What is the remainder when 54156 is divided by 141?
12
Calculate the remainder when 9400 is divided by 2987.
439
Calculate the remainder when 928483 is divided by 439.
437
Calculate the remainder when 56236 is divided by 39.
37
Calculate the remainder when 126682 is divided by 12.
10
Calculate the remainder when 1224439 is divided by 612217.
5
What is the remainder when 84 is divided by 32?
20
What is the remain